o)?
5
Let t(q) = q**2 + 14*q - 69. Let f be t(-17). What is the thousands digit of 3262*1*(-4 + (-81)/f)?
1
Let y(u) = -36*u - 91. Let c be y(11). What is the units digit of (-6)/24 - 21/(-4) - c?
2
Let v(p) = -2*p**3 - 6*p + 2. Let t be 1 + (5 - 0/(-3)). Let j be v(t). What is the tens digit of ((-3)/(-2))/(j/236 - -2)?
5
Suppose p + 4*t + 16 = 0, -4*p + 12 = -5*t + 2*t. Let i be 1/((p - 0) + 3/18). Suppose 0 = i*l - 5*l - 32. What is the units digit of l?
2
Suppose -6 = -3*i, 3*i - 10 = -5*f + 3*f. Suppose -b - g = 2*b - 13, 9 = f*b + g. What is the tens digit of b*((-180)/(-16) + -2)?
3
Suppose 3*s + 2*j - 12 = 0, -4*s = -8*s - 5*j + 23. Suppose 2*r + 4 = n, 5*r = -n - s + 20. Suppose n*a = 5*a + 87. What is the units digit of a?
9
Let x(q) = -114*q - 35. Suppose 6*a + 12 = -12. What is the tens digit of x(a)?
2
Suppose -5*m + 5*f + 7450 = 2535, 0 = -5*m + f + 4895. Suppose 6*g = 8*g - 2, -3*q - 3*g + m = 0. What is the hundreds digit of q?
3
What is the hundreds digit of (45884/7)/(2 + 5 + 940/(-140))?
9
Suppose 2*b - 77 = 13*b. Let h = 30 + b. Let o(k) = k**3 - 22*k**2 - 22*k + 25. What is the tens digit of o(h)?
4
Let s = 149 - 146. Suppose -747 = -5*u - 2*d + 545, -4*u = s*d - 1035. What is the tens digit of u?
5
Let j(u) = 9*u - 23. Let x be j(6). Let i = -31 + x. What is the tens digit of 9 + 36 - (-2 - i)?
4
Let y = -100089 - -143304. What is the thousands digit of y?
3
What is the units digit of ((-1)/((-15)/(-114183)))/((-126)/840) - 2?
6
Suppose 0 = -b - 5*t - 1, 3*b - 2*t = t - 3. What is the tens digit of b*1 + (130 - (1 - 6))?
3
Let s be -1055*1*114/190. Let q = s + 859. What is the tens digit of q?
2
Let h = -8 + 8. Suppose 0*x + 5*x - 5 = h. What is the units digit of 5/(-25)*-89 - x/(-5)?
8
Suppose l = 34 + 4. Suppose 0 = d - f - 2*f + l, -120 = 4*d - 4*f. Let z = d + 30. What is the units digit of z?
4
Let t = 5931 + -4258. What is the units digit of t?
3
Let i(d) = 6 + 0*d - 5*d + d - 7*d. Let p be i(1). Let k(n) = 2*n + 14. What is the units digit of k(p)?
4
Let t(d) = -d**3 + d**2 - d - 39. Suppose -5*i + 4*i = 2*l + 2, 5 = -4*i - 5*l. Let x be t(i). What is the units digit of 3 + x/65 + 886/10?
1
Suppose 5*k - 17 = -3*o + 36, 2*k + 3 = o. Let b be (2/12 - 10/20)*-27. Suppose 284 = -b*i + o*i. What is the hundreds digit of i?
1
Let k(c) = -2*c**2 - 3*c - 33. Let f be k(-16). Let m = 968 + f. What is the hundreds digit of m?
4
Suppose 0 = 13*s - 133 - 205. Suppose -32*m = -s*m - 2496. What is the tens digit of m?
1
Suppose -1119*y + 1135*y = 255376. What is the units digit of y?
1
Let q be 2058/70*10*1. Let w = 877 - q. What is the hundreds digit of w?
5
Suppose -3*u + 97 = 2*k, 150 + 13 = 5*u + 2*k. Let p = u + -33. Suppose p = 7*l - l - 528. What is the tens digit of l?
8
Let m(n) = n - 11. Let d be m(7). Let s be (0*d/16)/(-3). Suppose -1 = j, 3*r + 2*j - 26 - 44 = s. What is the tens digit of r?
2
Let h(a) = a**2 + 12*a. Let o be h(-12). Suppose 521 = 4*z - 0*z + 5*u, 3*z + 4*u - 390 = o. What is the hundreds digit of z?
1
Let l be (-5)/(-1)*-1 + (-56 - -59). Let o(v) = -190*v + 16. What is the hundreds digit of o(l)?
3
Suppose 16 = -0*s + 4*s. Suppose s*n = -6*q + 5*q - 7, 0 = 4*q - 3*n - 29. What is the tens digit of 46*(q - 4 - -1)?
9
Suppose 0 = -k + 3, -k + 6*k - 1110 = -3*c. Suppose 2*r + r - 39 = 0. Suppose c = -8*j + r*j. What is the tens digit of j?
7
Suppose 0 = -5*l + 2*n + 50392, 2*n - 32506 + 2258 = -3*l. What is the thousands digit of l?
0
Let r(o) = -51*o - 145. Let q be r(-6). Suppose -12*n + 13*n = q. What is the tens digit of n?
6
Suppose -804 = -8*n + 14*n. Let v = 71 - 71. What is the units digit of (3 - (v - 0))/((-6)/n)?
7
Let l(h) = 31*h**2 + 13*h + 27. Let w be l(-3). Suppose -4*v - j + 423 = 0, -4*v + 155 = 2*j - w. What is the hundreds digit of v?
1
Let p(v) = -v**3 - 15*v**2 - 15*v - 17. Let g be p(-14). What is the units digit of (-30)/(-105) + g/((-42)/3860)?
6
Suppose -o + 28 = -5*o + 4*c, 5*c - 17 = -4*o. Let w(s) be the third derivative of -s**4/8 - s**3/6 + 5*s**2 - 3. What is the units digit of w(o)?
5
Suppose -4*k - 3*s + 9697 = 0, 2*k - 4851 = -429*s + 430*s. What is the hundreds digit of k?
4
Suppose -51102 + 39582 = -20*s. What is the tens digit of s?
7
Suppose 44*d + 52305 = 49*d - 5*c, 3*c = d - 10473. What is the thousands digit of d?
0
Let i(m) = m**2 + 7*m + 3. Let h be i(-7). Let r(y) = 6*y**2 - y - 5. Let p be r(h). Suppose f + p = 114. What is the tens digit of f?
6
Let j be (5/((-50)/4))/(7/(-245)). Suppose -1110 = -j*s + 16*s. What is the tens digit of s/(-6) + -2 - (-1)/2?
9
Suppose 5*l - 5*g - 17555 = 0, -5*g + 4523 - 18570 = -4*l. What is the hundreds digit of l?
5
Let l = -1410 + 267. Let o = l + 2079. What is the tens digit of o?
3
Let r = 19 + -16. Let t be ((-1)/r)/(3/27) + -82. Let m = t + 147. What is the units digit of m?
2
Let f = 65 + 151. Suppose o - f = -6*v + v, -4*o + 2*v = -842. What is the units digit of o?
1
Let p = 6690 + -3480. What is the thousands digit of p?
3
Let o be (20*3/18)/(10/15). Suppose 0 = -3*l + o*p + 1127, 4*l + 4*p - 3*p - 1495 = 0. What is the tens digit of l?
7
Suppose -39*u + 123*u = -41*u + 163625. What is the hundreds digit of u?
3
Suppose 36 = -8*f + 132. Suppose 155 = -f*r + 1883. What is the tens digit of r?
4
What is the hundreds digit of ((-495)/110 - (-11067)/(-10))*-5?
5
Let g = 36950 + -21634. What is the tens digit of g?
1
Let m(r) = -306*r + 13. What is the hundreds digit of m(-3)?
9
Suppose 5*n - 35 = -5*t, 10*t - 5*n - 5 = 5*t. Suppose -10*x + 6*x = -4*l + 4064, 4*l - 4104 = -t*x. What is the tens digit of l?
2
Let x(d) = -6*d**2 + 218*d - 78. What is the tens digit of x(34)?
9
Suppose -2*y + 3*v + 14 = -0, 4*v + 8 = 0. Suppose 0 = 5*c + 4*p + 117, 0*c - y*p = 2*c + 54. Let k = 84 + c. What is the tens digit of k?
6
Let m(c) = 4*c - 41. Let h(o) = o**3 + 4*o**2 + 4*o + 9. Let n be h(-4). Let f be m(n). Let q = 149 - f. What is the hundreds digit of q?
2
Suppose -4*k = 19*k - 204402 - 63870. What is the tens digit of k?
6
Let x(w) be the second derivative of -w**5/20 - 5*w**4/12 + 5*w**3/6 - 3*w**2 - 18*w. Let m be x(4). What is the units digit of (m/(-5))/(7/5 + -1)?
5
Let w = 378 - -505. Suppose w = 3*h - 2*v, 2*h + 0*v = -5*v + 614. What is the units digit of h?
7
Suppose l - 21211 = t, 0 = 4*l + 3*t - 58471 - 26408. What is the ten thousands digit of l?
2
Let t(f) = 12760*f + 71. What is the units digit of t(1)?
1
Let z(v) = 67*v**2 + v - 4. Let s be z(-3). Suppose 0 = -4*r + 252 + s. Suppose -2*x + r = -6. What is the units digit of x?
9
Suppose -9*q + 20 = -5*q. Let v be (-137)/(-3) + q/15*-2. What is the units digit of (-9)/v + 376/10*2?
5
What is the units digit of 2*10*(-28)/70 + (6142 - 43)?
1
Let m = -1292 - -9466. What is the units digit of m?
4
Suppose 4*r - 4*h - 38 = 3*r, 0 = -2*r + 2*h + 52. Let p(z) = z**2 - 21*z - 24. Let d be p(r). What is the units digit of (-99 + 6)*d/3?
2
Let l = -3269 + 7353. What is the tens digit of l?
8
Suppose 22 = 5*l - 33. Suppose 3*j - 48 = l*j. What is the units digit of 0 - (3/(-6) - (-21)/j)?
4
Suppose -7*w - 11*w + 271195 - 2635 = 0. What is the hundreds digit of w?
9
Suppose -30*y - 79*y = -191679 - 2003908. What is the hundreds digit of y?
1
Let t(z) be the third derivative of z**6/120 + 7*z**5/20 - z**4/24 + 43*z**3/6 - 2*z**2 + 26. What is the tens digit of t(-21)?
6
Let b be 5 + (26/(-5))/((-76)/2090). Let c = b - -797. What is the tens digit of c?
4
Suppose -4*h = 37986 - 97926. What is the thousands digit of h?
4
Suppose 8*x = 5364 + 3076. Suppose 27*f - x = 8152. What is the units digit of f?
1
Suppose 14*k - 3*f = 10*k + 312550, 2*k - f - 156276 = 0. What is the units digit of k?
9
Let z(s) = -2*s**3 + 234*s**2 + 67*s + 955. What is the tens digit of z(117)?
9
Let z be 2/(42/6 - 9). What is the hundreds digit of ((-26920)/8 - -11)*z/2?
6
Let f = 18 - 16. Let p(n) = 2*n - n**3 - n**3 - 11 - 10*n**f + n**3 + 2*n**3. What is the units digit of p(10)?
9
Let v(o) = o**3 + 9*o**2 + 7*o + 5. Let z be v(-8). Suppose z - 1 = 3*c. What is the units digit of (-4*(-4)/8)/c*2?
1
Suppose 4*w - 229 = 11. Suppose 57*i + 6 = w*i. What is the units digit of (i + 5 + -194)/(1*-1)?
7
Suppose 6*y - 388 = 2*y. Suppose -y*l + 93*l = -624. What is the tens digit of l?
5
Let n(t)